{"id":98,"date":"2024-10-31T14:33:28","date_gmt":"2024-10-31T17:33:28","guid":{"rendered":"https:\/\/danibalz.com.ar\/demo\/?page_id=98"},"modified":"2025-03-05T21:32:39","modified_gmt":"2025-03-06T00:32:39","slug":"servicios-para-aeropuertos","status":"publish","type":"page","link":"https:\/\/danibalz.com.ar\/demo\/servicios-para-aeropuertos\/","title":{"rendered":"Servicios para Aeropuertos"},"content":{"rendered":"\t\t<div data-elementor-type=\"wp-page\" data-elementor-id=\"98\" class=\"elementor elementor-98\" data-elementor-post-type=\"page\">\n\t\t\t\t<div class=\"elementor-element elementor-element-0149265 e-con-full elementor-hidden-tablet elementor-hidden-mobile e-flex e-con e-parent\" data-id=\"0149265\" data-element_type=\"container\" data-settings=\"{&quot;_ha_eqh_enable&quot;:false}\">\n\t\t\t\t<div class=\"elementor-element elementor-element-d511810 elementor-widget elementor-widget-slider_revolution\" data-id=\"d511810\" data-element_type=\"widget\" data-widget_type=\"slider_revolution.default\">\n\t\t\t\t<div class=\"elementor-widget-container\">\n\t\t\t\n\t\t<div class=\"wp-block-themepunch-revslider\">\n\t\t\t\t<p class=\"rs-p-wp-fix\"><\/p>\n\t\t\t\t<sr7-module data-alias=\"Aeropuertos\" data-id=\"3\" id=\"SR7_3_1\" class=\"rs-ov-hidden\" data-version=\"6.7.20\">\n\t\t\t\t\t<sr7-adjuster><\/sr7-adjuster>\n\t\t\t\t\t<sr7-content>\n\t\t\t\t\t\t<sr7-slide id=\"SR7_3_1-11\" data-key=\"11\">\n\t\t\t\t\t\t<\/sr7-slide>\n\t\t\t\t\t\t<sr7-slide id=\"SR7_3_1-12\" data-key=\"12\">\n\t\t\t\t\t\t<\/sr7-slide>\n\t\t\t\t\t<\/sr7-content>\n\t\t\t\t\t<image_lists style=\"display:none\">\n\t\t\t\t\t\t<img data-src=\"\/\/danibalz.com.ar\/demo\/wp-content\/uploads\/2025\/01\/aeropuerrto_Mesa-de-trabajo-1.png\" data-libid=\"339\" data-lib=\"medialibrary\" title=\"aeropuerrto_Mesa de trabajo 1\" width=\"0\" height=\"0\" data-dbsrc=\"Ly9kYW5pYmFsei5jb20uYXIvZGVtby93cC1jb250ZW50L3VwbG9hZHMvMjAyNS8wMS9hZXJvcHVlcnJ0b19NZXNhLWRlLXRyYWJham8tMS5wbmc=\"\/>\n\t\t\t\t\t<\/image_lists>\n\t\t\t\t<\/sr7-module>\n\t\t\t\t<script>\n\t\t\t\t\tSR7.PMH ??={}; SR7.PMH[\"SR7_3_1\"] = {cn:0,state:false,fn: function() { if (_tpt!==undefined && _tpt.prepareModuleHeight !== undefined) {  _tpt.prepareModuleHeight({id:\"SR7_3_1\",el:[495,495,768,960,125],type:'standard',shdw:'0',gh:[495,495,267,203,125],gw:[1900,1900,1024,778,480],vpt:['100px'],size:{fullWidth:true, fullHeight:false},mh:'0',onh:0,onw:0,bg:{color:'{\"orig\":\"transparent\",\"type\":\"solid\",\"string\":\"transparent\"}'}});   SR7.PMH[\"SR7_3_1\"].state=true;} else if((SR7.PMH[\"SR7_3_1\"].cn++)<100)\tsetTimeout( SR7.PMH[\"SR7_3_1\"].fn,19);}};SR7.PMH[\"SR7_3_1\" ].fn();\n\t\t\t\t<\/script>\n<\/div>\n\n\t\t\t\t<\/div>\n\t\t\t\t<\/div>\n\t\t\t\t<\/div>\n\t\t<div class=\"elementor-element elementor-element-9e80d23 e-con-full elementor-hidden-desktop elementor-hidden-tablet e-flex e-con e-parent\" data-id=\"9e80d23\" data-element_type=\"container\" data-settings=\"{&quot;_ha_eqh_enable&quot;:false}\">\n\t\t\t\t<div class=\"elementor-element elementor-element-116829f elementor-widget elementor-widget-slider_revolution\" data-id=\"116829f\" data-element_type=\"widget\" data-widget_type=\"slider_revolution.default\">\n\t\t\t\t<div class=\"elementor-widget-container\">\n\t\t\t\n\t\t<div class=\"wp-block-themepunch-revslider\">\n\t\t\t\t<p class=\"rs-p-wp-fix\"><\/p>\n\t\t\t\t<sr7-module data-alias=\"aeropuertos_dsk-1\" data-id=\"8\" id=\"SR7_8_2\" class=\"rs-ov-hidden\" data-version=\"6.7.20\">\n\t\t\t\t\t<sr7-adjuster><\/sr7-adjuster>\n\t\t\t\t\t<sr7-content>\n\t\t\t\t\t\t<sr7-slide id=\"SR7_8_2-34\" data-key=\"34\">\n\t\t\t\t\t\t<\/sr7-slide>\n\t\t\t\t\t\t<sr7-slide id=\"SR7_8_2-36\" data-key=\"36\">\n\t\t\t\t\t\t<\/sr7-slide>\n\t\t\t\t\t\t<sr7-slide id=\"SR7_8_2-38\" data-key=\"38\">\n\t\t\t\t\t\t<\/sr7-slide>\n\t\t\t\t\t\t<sr7-slide id=\"SR7_8_2-37\" data-key=\"37\">\n\t\t\t\t\t\t<\/sr7-slide>\n\t\t\t\t\t<\/sr7-content>\n\t\t\t\t\t<image_lists style=\"display:none\">\n\t\t\t\t\t\t<img data-src=\"\/\/danibalz.com.ar\/demo\/wp-content\/uploads\/2025\/01\/banner-mobile_Mesa-de-trabajo-1.png\" data-libid=\"342\" data-lib=\"medialibrary\" title=\"banner-mobile_Mesa de trabajo 1\" width=\"0\" height=\"0\" data-dbsrc=\"Ly9kYW5pYmFsei5jb20uYXIvZGVtby93cC1jb250ZW50L3VwbG9hZHMvMjAyNS8wMS9iYW5uZXItbW9iaWxlX01lc2EtZGUtdHJhYmFqby0xLnBuZw==\"\/>\n\t\t\t\t\t\t<img data-src=\"\/\/danibalz.com.ar\/demo\/wp-content\/uploads\/2024\/12\/banner-Aeropuerto2_Mesa-de-trabajo-1.png\" data-libid=\"313\" data-lib=\"medialibrary\" title=\"banner-Aeropuerto2_Mesa de trabajo 1\" width=\"0\" height=\"0\" data-dbsrc=\"Ly9kYW5pYmFsei5jb20uYXIvZGVtby93cC1jb250ZW50L3VwbG9hZHMvMjAyNC8xMi9iYW5uZXItQWVyb3B1ZXJ0bzJfTWVzYS1kZS10cmFiYWpvLTEucG5n\"\/>\n\t\t\t\t\t\t<img loading=\"lazy\" data-src=\"\/\/danibalz.com.ar\/demo\/wp-content\/uploads\/2025\/01\/banner-mobile_Mesa-de-trabajo-1-copia.png\" data-libid=\"341\" data-lib=\"medialibrary\" title=\"banner-mobile_Mesa de trabajo 1 copia\" width=\"0\" height=\"0\" data-dbsrc=\"Ly9kYW5pYmFsei5jb20uYXIvZGVtby93cC1jb250ZW50L3VwbG9hZHMvMjAyNS8wMS9iYW5uZXItbW9iaWxlX01lc2EtZGUtdHJhYmFqby0xLWNvcGlhLnBuZw==\"\/>\n\t\t\t\t\t\t<img loading=\"lazy\" data-src=\"\/\/danibalz.com.ar\/demo\/wp-content\/uploads\/2025\/01\/banner-mobile_Mesa-de-trabajo-1-copia-2.png\" data-libid=\"340\" data-lib=\"medialibrary\" title=\"banner-mobile_Mesa de trabajo 1 copia 2\" width=\"0\" height=\"0\" data-dbsrc=\"Ly9kYW5pYmFsei5jb20uYXIvZGVtby93cC1jb250ZW50L3VwbG9hZHMvMjAyNS8wMS9iYW5uZXItbW9iaWxlX01lc2EtZGUtdHJhYmFqby0xLWNvcGlhLTIucG5n\"\/>\n\t\t\t\t\t<\/image_lists>\n\t\t\t\t<\/sr7-module>\n\t\t\t\t<script>\n\t\t\t\t\tSR7.PMH ??={}; SR7.PMH[\"SR7_8_2\"] = {cn:0,state:false,fn: function() { if (_tpt!==undefined && _tpt.prepareModuleHeight !== undefined) {  _tpt.prepareModuleHeight({id:\"SR7_8_2\",el:[495,495,495,495,400],type:'standard',shdw:'0',gh:[495,495,495,495,400],gw:[1900,1900,1900,1900,480],vpt:['100px&#039;,&#039;100px&#039;,&#039;100px&#039;,&#039;100px&#039;,&#039;100px'],size:{fullWidth:true, fullHeight:false},mh:'0',onh:0,onw:0,bg:{color:'{\"orig\":\"transparent\",\"type\":\"solid\",\"string\":\"transparent\"}'}});   SR7.PMH[\"SR7_8_2\"].state=true;} else if((SR7.PMH[\"SR7_8_2\"].cn++)<100)\tsetTimeout( SR7.PMH[\"SR7_8_2\"].fn,19);}};SR7.PMH[\"SR7_8_2\" ].fn();\n\t\t\t\t<\/script>\n<\/div>\n\n\t\t\t\t<\/div>\n\t\t\t\t<\/div>\n\t\t\t\t<\/div>\n\t\t<div class=\"elementor-element elementor-element-149aace e-grid e-con-boxed e-con e-parent\" data-id=\"149aace\" data-element_type=\"container\" data-settings=\"{&quot;_ha_eqh_enable&quot;:false}\">\n\t\t\t\t\t<div class=\"e-con-inner\">\n\t\t\t\t<div class=\"elementor-element elementor-element-bb3e74f elementor-widget elementor-widget-text-editor\" data-id=\"bb3e74f\" data-element_type=\"widget\" data-widget_type=\"text-editor.default\">\n\t\t\t\t<div class=\"elementor-widget-container\">\n\t\t\t\t\t\t\t<p>En Quintino Marterial Handling Solutions somos especialistas en desarrollar sistemas para Manipulaci\u00f3n de equipajes, en Terminales de Pasajeros. Nuestra divisi\u00f3n Aeropuertos, tambi\u00e9n incluye desarrollo de proyectos, construcci\u00f3n y acompa\u00f1amiento en todo el ciclo de vida de los proyectos, repuestos, mantenimiento, etc. En BHS (Baggge Handling Systems) como en Terminales de Carga A\u00e9rea, trabajando en el flujo de unidades log\u00edsticas (containers a\u00e9reos) y equipajes de pasajeros, ya sean tradicionales, oversizes, o de mano.<\/p>\t\t\t\t\t\t<\/div>\n\t\t\t\t<\/div>\n\t\t\t\t<div class=\"elementor-element elementor-element-5ab4eea elementor-widget elementor-widget-video\" data-id=\"5ab4eea\" data-element_type=\"widget\" data-settings=\"{&quot;youtube_url&quot;:&quot;https:\\\/\\\/www.youtube.com\\\/watch?v=xfnsRoaRAN4&quot;,&quot;modestbranding&quot;:&quot;yes&quot;,&quot;video_type&quot;:&quot;youtube&quot;,&quot;controls&quot;:&quot;yes&quot;}\" data-widget_type=\"video.default\">\n\t\t\t\t<div class=\"elementor-widget-container\">\n\t\t\t\t\t<div class=\"elementor-wrapper elementor-open-inline\">\n\t\t\t<div class=\"elementor-video\"><\/div>\t\t<\/div>\n\t\t\t\t<\/div>\n\t\t\t\t<\/div>\n\t\t\t\t\t<\/div>\n\t\t\t\t<\/div>\n\t\t<div class=\"elementor-element elementor-element-49b78fb e-flex e-con-boxed e-con e-parent\" data-id=\"49b78fb\" data-element_type=\"container\" data-settings=\"{&quot;_ha_eqh_enable&quot;:false}\">\n\t\t\t\t\t<div class=\"e-con-inner\">\n\t\t<div class=\"elementor-element elementor-element-b15d2fc e-con-full e-flex e-con e-child\" data-id=\"b15d2fc\" data-element_type=\"container\" data-settings=\"{&quot;_ha_eqh_enable&quot;:false}\">\n\t\t<div class=\"elementor-element elementor-element-4ed7c4b e-grid e-con-full e-con e-child\" data-id=\"4ed7c4b\" data-element_type=\"container\" data-settings=\"{&quot;_ha_eqh_enable&quot;:false}\">\n\t\t\t\t<div class=\"elementor-element elementor-element-21e85bb elementor-align-justify elementor-widget elementor-widget-button\" data-id=\"21e85bb\" data-element_type=\"widget\" data-widget_type=\"button.default\">\n\t\t\t\t<div class=\"elementor-widget-container\">\n\t\t\t\t\t\t\t<div class=\"elementor-button-wrapper\">\n\t\t\t\t\t<a class=\"elementor-button elementor-button-link elementor-size-sm\" href=\"https:\/\/drive.google.com\/file\/d\/1JQg-6gFrHAv91V2-X7VGXJHZa2c2fTuf\/view?usp=sharing\" target=\"_blank\">\n\t\t\t\t\t\t<span class=\"elementor-button-content-wrapper\">\n\t\t\t\t\t\t<span class=\"elementor-button-icon\">\n\t\t\t\t<svg aria-hidden=\"true\" class=\"e-font-icon-svg e-fas-file-pdf\" viewBox=\"0 0 384 512\" xmlns=\"http:\/\/www.w3.org\/2000\/svg\"><path d=\"M181.9 256.1c-5-16-4.9-46.9-2-46.9 8.4 0 7.6 36.9 2 46.9zm-1.7 47.2c-7.7 20.2-17.3 43.3-28.4 62.7 18.3-7 39-17.2 62.9-21.9-12.7-9.6-24.9-23.4-34.5-40.8zM86.1 428.1c0 .8 13.2-5.4 34.9-40.2-6.7 6.3-29.1 24.5-34.9 40.2zM248 160h136v328c0 13.3-10.7 24-24 24H24c-13.3 0-24-10.7-24-24V24C0 10.7 10.7 0 24 0h200v136c0 13.2 10.8 24 24 24zm-8 171.8c-20-12.2-33.3-29-42.7-53.8 4.5-18.5 11.6-46.6 6.2-64.2-4.7-29.4-42.4-26.5-47.8-6.8-5 18.3-.4 44.1 8.1 77-11.6 27.6-28.7 64.6-40.8 85.8-.1 0-.1.1-.2.1-27.1 13.9-73.6 44.5-54.5 68 5.6 6.9 16 10 21.5 10 17.9 0 35.7-18 61.1-61.8 25.8-8.5 54.1-19.1 79-23.2 21.7 11.8 47.1 19.5 64 19.5 29.2 0 31.2-32 19.7-43.4-13.9-13.6-54.3-9.7-73.6-7.2zM377 105L279 7c-4.5-4.5-10.6-7-17-7h-6v128h128v-6.1c0-6.3-2.5-12.4-7-16.9zm-74.1 255.3c4.1-2.7-2.5-11.9-42.8-9 37.1 15.8 42.8 9 42.8 9z\"><\/path><\/svg>\t\t\t<\/span>\n\t\t\t\t\t\t\t\t\t<span class=\"elementor-button-text\">Descargar Folleto<\/span>\n\t\t\t\t\t<\/span>\n\t\t\t\t\t<\/a>\n\t\t\t\t<\/div>\n\t\t\t\t\t\t<\/div>\n\t\t\t\t<\/div>\n\t\t\t\t<div class=\"elementor-element elementor-element-c2c2715 elementor-align-justify elementor-widget elementor-widget-button\" data-id=\"c2c2715\" data-element_type=\"widget\" data-widget_type=\"button.default\">\n\t\t\t\t<div class=\"elementor-widget-container\">\n\t\t\t\t\t\t\t<div class=\"elementor-button-wrapper\">\n\t\t\t\t\t<a class=\"elementor-button elementor-button-link elementor-size-sm\" href=\"https:\/\/drive.google.com\/file\/d\/1dVlhwVLJRdsYlPD4YzEKGfhWZRGXSDHU\/view?usp=sharing\" target=\"_blank\">\n\t\t\t\t\t\t<span class=\"elementor-button-content-wrapper\">\n\t\t\t\t\t\t<span class=\"elementor-button-icon\">\n\t\t\t\t<svg aria-hidden=\"true\" class=\"e-font-icon-svg e-fas-file-pdf\" viewBox=\"0 0 384 512\" xmlns=\"http:\/\/www.w3.org\/2000\/svg\"><path d=\"M181.9 256.1c-5-16-4.9-46.9-2-46.9 8.4 0 7.6 36.9 2 46.9zm-1.7 47.2c-7.7 20.2-17.3 43.3-28.4 62.7 18.3-7 39-17.2 62.9-21.9-12.7-9.6-24.9-23.4-34.5-40.8zM86.1 428.1c0 .8 13.2-5.4 34.9-40.2-6.7 6.3-29.1 24.5-34.9 40.2zM248 160h136v328c0 13.3-10.7 24-24 24H24c-13.3 0-24-10.7-24-24V24C0 10.7 10.7 0 24 0h200v136c0 13.2 10.8 24 24 24zm-8 171.8c-20-12.2-33.3-29-42.7-53.8 4.5-18.5 11.6-46.6 6.2-64.2-4.7-29.4-42.4-26.5-47.8-6.8-5 18.3-.4 44.1 8.1 77-11.6 27.6-28.7 64.6-40.8 85.8-.1 0-.1.1-.2.1-27.1 13.9-73.6 44.5-54.5 68 5.6 6.9 16 10 21.5 10 17.9 0 35.7-18 61.1-61.8 25.8-8.5 54.1-19.1 79-23.2 21.7 11.8 47.1 19.5 64 19.5 29.2 0 31.2-32 19.7-43.4-13.9-13.6-54.3-9.7-73.6-7.2zM377 105L279 7c-4.5-4.5-10.6-7-17-7h-6v128h128v-6.1c0-6.3-2.5-12.4-7-16.9zm-74.1 255.3c4.1-2.7-2.5-11.9-42.8-9 37.1 15.8 42.8 9 42.8 9z\"><\/path><\/svg>\t\t\t<\/span>\n\t\t\t\t\t\t\t\t\t<span class=\"elementor-button-text\">Download Brochure<\/span>\n\t\t\t\t\t<\/span>\n\t\t\t\t\t<\/a>\n\t\t\t\t<\/div>\n\t\t\t\t\t\t<\/div>\n\t\t\t\t<\/div>\n\t\t\t\t<\/div>\n\t\t\t\t<\/div>\n\t\t\t\t\t<\/div>\n\t\t\t\t<\/div>\n\t\t\t\t<\/div>\n\t\t","protected":false},"excerpt":{"rendered":"<p>En Quintino Marterial Handling Solutions somos especialistas en desarrollar sistemas para Manipulaci\u00f3n de equipajes, en Terminales de Pasajeros. Nuestra divisi\u00f3n Aeropuertos, tambi\u00e9n incluye desarrollo de proyectos, construcci\u00f3n y acompa\u00f1amiento en todo el ciclo de vida de los proyectos, repuestos, mantenimiento, etc. En BHS (Baggge Handling Systems) como en Terminales de Carga A\u00e9rea, trabajando en el [&hellip;]<\/p>\n","protected":false},"author":1,"featured_media":0,"parent":0,"menu_order":0,"comment_status":"closed","ping_status":"closed","template":"elementor_header_footer","meta":{"_joinchat":[],"footnotes":""},"class_list":["post-98","page","type-page","status-publish","hentry"],"_links":{"self":[{"href":"https:\/\/danibalz.com.ar\/demo\/wp-json\/wp\/v2\/pages\/98","targetHints":{"allow":["GET"]}}],"collection":[{"href":"https:\/\/danibalz.com.ar\/demo\/wp-json\/wp\/v2\/pages"}],"about":[{"href":"https:\/\/danibalz.com.ar\/demo\/wp-json\/wp\/v2\/types\/page"}],"author":[{"embeddable":true,"href":"https:\/\/danibalz.com.ar\/demo\/wp-json\/wp\/v2\/users\/1"}],"replies":[{"embeddable":true,"href":"https:\/\/danibalz.com.ar\/demo\/wp-json\/wp\/v2\/comments?post=98"}],"version-history":[{"count":37,"href":"https:\/\/danibalz.com.ar\/demo\/wp-json\/wp\/v2\/pages\/98\/revisions"}],"predecessor-version":[{"id":778,"href":"https:\/\/danibalz.com.ar\/demo\/wp-json\/wp\/v2\/pages\/98\/revisions\/778"}],"wp:attachment":[{"href":"https:\/\/danibalz.com.ar\/demo\/wp-json\/wp\/v2\/media?parent=98"}],"curies":[{"name":"wp","href":"https:\/\/api.w.org\/{rel}","templated":true}]}}